at is the highest common factor of t and 10?
10
Let q(u) = u**3 - 5*u**2 - 6*u - 2. Let o be q(6). Let s = 8 - o. Let y(j) = 69*j**3 + j. Let a be y(1). What is the greatest common factor of a and s?
10
Let o(u) = u - 3. Let m be (12/(-8))/((-3)/8). Let x be o(m). What is the greatest common factor of x and 1?
1
Let b(p) = 3*p - 6. Let i be b(6). Let w be i + (0 - 8/(-4)). Suppose -3*m + 6 = -0*m. Calculate the highest common factor of m and w.
2
Let h be 4/14 + 3*230/35. What is the highest common divisor of 140 and h?
20
Suppose 0 = -0*a - a + 32. Calculate the greatest common divisor of a and 4.
4
Let m = 9 - 1. Let k = 7 + m. Calculate the greatest common divisor of k and 10.
5
Suppose 12*m - 87 = 8*m + 3*x, -5*m - 2*x = -126. Calculate the highest common factor of m and 204.
12
Let c(t) = 20*t**2 - 3*t + 1. Let l be (3/(-6) + -1)*2. Let k be c(l). What is the highest common factor of 38 and k?
38
Suppose 0 = 3*q - 6*q + 1890. Suppose q = 4*j + j. Calculate the highest common divisor of 18 and j.
18
Let r(i) be the first derivative of i**2 - 4*i - 2. Let q be r(6). What is the highest common divisor of q and 72?
8
Suppose 4*z - 36 = 3*z. What is the greatest common factor of z and 9?
9
Suppose -3*b - 34 = -2*z - 7, 3*z - 5*b = 39. Calculate the greatest common divisor of z and 198.
18
Let s be (-54)/2 + (-16)/(-4). Let l = 43 + s. Calculate the greatest common factor of 80 and l.
20
Suppose 5*t = 2*g - 4*g + 756, t = -5*g + 142. Let c = t + -97. What is the highest common factor of 11 and c?
11
Suppose -51 = -i + 109. Calculate the highest common factor of i and 16.
16
Let v be ((-4)/(-6))/(4/(-24)). Let u be 12/(2 + v/8). What is the greatest common divisor of 32 and u?
8
Suppose -2*u = -5*k + 54, 4*k - 10 = 2*k - 5*u. What is the highest common divisor of k and 50?
10
Let d(k) = 41*k**2 - k. Suppose 3*x - 6 = -0. Let g = -1 + x. Let a be d(g). Calculate the greatest common divisor of 16 and a.
8
Let j(p) = 3*p + 6. Let i be j(-6). Let w = -8 - i. Calculate the greatest common factor of w and 4.
4
Suppose -o = -2*f + 2*o + 6, 4*f - 12 = -o. What is the greatest common factor of 9 and f?
3
Let f be 5 - 2/1 - -1. Suppose 3*j - 26 = 5*b, f*j - 3*j = -5*b - 18. Let w be ((j - -1) + 0)*25. What is the greatest common divisor of 30 and w?
15
Let b(j) be the first derivative of j**4/4 - j**3/3 + 5*j**2/2 + j - 6. Let x be b(4). Calculate the highest common factor of x and 23.
23
Suppose 0 = -4*z - 5*g + g + 1396, 0 = -5*z - 4*g + 1741. Let m = -129 + z. What is the greatest common factor of m and 24?
24
Let q be 20/1 - ((-2)/(-2) - -1). Calculate the greatest common divisor of 9 and q.
9
Let s(q) = 205*q + 1. Let c be s(1). Let l = c + -141. What is the highest common divisor of 13 and l?
13
Let s(z) = -6*z - 47. Let v be s(-10). Let l = 39 - -13. Calculate the greatest common factor of v and l.
13
Let y = -129 - -209. Let k be 12/2*128/24. Calculate the greatest common divisor of k and y.
16
Let c be (-3)/(-1*-4*1/(-64)). What is the greatest common factor of 6 and c?
6
Suppose -4*v = -0*p + p - 36, -21 = -p + v. Let b = -22 + p. What is the greatest common factor of b and 2?
2
Let l be (49/21 - 3)/((-2)/66). Calculate the greatest common divisor of 77 and l.
11
Suppose -175 = 8*w - 13*w. What is the greatest common divisor of w and 14?
7
Let k be (-3)/27*-33*3. Calculate the greatest common factor of 55 and k.
11
Let y(g) = -26*g. Let r be y(-1). Suppose 0 = -5*z + 64 + r. Calculate the greatest common factor of z and 18.
18
Let n be (-1320)/9*((-30)/25 - 0). Calculate the highest common factor of 22 and n.
22
Let n(d) = 8*d - 70. Let l be n(11). What is the greatest common divisor of l and 36?
18
Suppose 3*d - 36 = 6. Suppose 162 = 3*w - 216. What is the highest common divisor of w and d?
14
Suppose 0 = -2*s - q + 15 + 9, 0 = -3*s - 3*q + 36. Suppose 12 = 4*b - s. Calculate the highest common factor of 48 and b.
6
Let n(z) = 8*z**3 - z**2 - z + 1. Let u be n(1). Suppose 0 = u*h - 10*h + 39. What is the highest common divisor of 52 and h?
13
Let r = 45 + -22. Calculate the greatest common factor of 46 and r.
23
Suppose 2*u = -1 + 5. Calculate the greatest common factor of 10 and u.
2
Suppose -m = m - 2. Let s be m*(7 - -1*2). Let g be 2/(-3)*27/(-2). What is the greatest common factor of s and g?
9
Let h(f) = -4*f**3 + 4*f**2 + 2*f - 2. Let u be h(-2). Calculate the greatest common divisor of 70 and u.
14
Let h(s) = -58*s + 10. Let t be h(-3). What is the highest common factor of 23 and t?
23
Suppose -3*m = 2*h - 3, -9 = -3*h - 0*h. Let w be 0 + 2 - 23/m. Calculate the highest common factor of w and 10.
5
Let x be (-2)/(-6) + 71533/33. Let q be 3/(-7) + x/28. What is the greatest common divisor of 11 and q?
11
Let m be (2 - (-81)/(-6))*-2. Calculate the greatest common factor of m and 69.
23
Let q = -4 - -6. Let j(v) = -v**3 - 2*v**2 - v. Let h be j(q). Let r be (-12)/h + 44/6. What is the highest common divisor of r and 40?
8
Let u(o) = 3*o + 27. Let j be u(-8). What is the highest common factor of 2 and j?
1
Suppose u = -2*j + 56, -3*j + 2*u + 84 = 4*u. What is the greatest common factor of 252 and j?
28
Suppose a - 4 - 2 = 0. Let f = 72 - 30. Calculate the greatest common factor of f and a.
6
Let n = 2 + 3. Suppose 0 = s - 0*s - n. Calculate the greatest common divisor of 5 and s.
5
Let j be 65/10 + (-3)/6. Suppose -j*z = -z - 50. What is the highest common divisor of z and 5?
5
Suppose 2*n - 2*u = 6, 5*n + 19 - 50 = u. Suppose 0 = -2*y + n*y - 35. Calculate the greatest common factor of y and 35.
7
Let p = 20 - 6. Let t be (56/(-3))/(p/(-21)). Calculate the highest common divisor of 308 and t.
28
Let v = 3 + 0. Let o = 10 - 1. Suppose 7 = -3*k + 2*u, -2*k = -4*u + o + 9. What is the highest common factor of v and k?
1
Let v = 132 + -121. Calculate the highest common divisor of v and 1.
1
Let q(j) = -j**2 - 11*j + 1. Let p be q(-11). Calculate the highest common divisor of 9 and p.
1
Let n(v) = v**2 + v. Let h be n(2). Suppose -k - h = -2*k. Suppose 1 = -2*s + 7. What is the greatest common divisor of k and s?
3
Suppose 8 = k - 7. Calculate the highest common divisor of k and 75.
15
Suppose 5*o + 22 = -3*a + 97, -2*o = -3*a - 30. Let p be 3/o + 19/5. What is the greatest common factor of 10 and p?
2
Let b = 28 + -10. Suppose 3*o - 6 = o, 5*c - 2*o + 26 = 0. Let r be (b/c)/(2/(-16)). What is the highest common divisor of 6 and r?
6
Let n(l) = 12*l + 6. Suppose -w = 3*v - 4, 5*v - 5 = -w - 3. Let q be n(w). Let c be (-1 - 0)/((-1)/q). What is the highest common factor of 10 and c?
10
Suppose -3*z + 9 = -0*k - 5*k, -2*z - k + 6 = 0. Suppose z*h = 5*h - 10. Let x be ((-10)/3)/(3/(-9)). Calculate the highest common divisor of h and x.
5
Suppose -1 - 19 = 5*o. Let n be ((-32)/(-6))/(o/(-42)). Calculate the highest common factor of 7 and n.
7
Suppose 7*u - 3*u = 96. Suppose 0 = 4*h - u - 12. What is the highest common divisor of 3 and h?
3
Let s = -13 + 13. Suppose -3*u + 4*o + 68 = s, 0*o = -4*u - 4*o + 72. What is the highest common divisor of 30 and u?
10
Suppose -2*q - v = 3*v + 56, -2*v = 2*q + 62. Let n = q + 89. Let f = 0 + 11. Calculate the highest common factor of n and f.
11
Suppose 2*a = 5*x - 954 - 396, -5*a + 1047 = 4*x. Suppose -x = -l - 84. Calculate the highest common factor of 23 and l.
23
Suppose -4*a - x = -151, 5*a - 3*a - 93 = 3*x. Calculate the greatest common divisor of 13 and a.
13
Let b(l) = -l**3 - 6*l**2 - 5*l - 6. Let h be b(-6). Let q(z) = -2*z - 6. Let d be q(-6). What is the highest common factor of d and h?
6
Suppose -10 = -10*r + 5*r. Suppose -3*g + 27 = 3*a - 0*a, g = r*a - 30. What is the greatest common factor of 104 and a?
13
Let o = 9 - 0. Let u be 1077/o + 2/6. Calculate the highest common factor of 15 and u.
15
Let s(d) be the second derivative of d**4/4 + 5*d**3/6 + d**2 - 2*d. Let p be s(4). Suppose -66 - 18 = -3*z. What is the highest common divisor of z and p?
14
Let i = 83 + -33. What is the greatest common factor of 20 and i?
10
Let q = -5 - -8. Suppose -q*c - 5*z + 213 = -94, -c - z = -101. What is the greatest common divisor of 11 and c?
11
Suppose -s - 4*g + 3*g = 0, 0 = g + 5. Suppose -3*z = -4*j - 116, 0 = -s*z - j + 6*j + 200. Calculate the highest common factor of 4 and z.
4
Let u(y) = -2*y